y - 119. Calculate the greatest common divisor of y and b.
2
Let o(s) = 128*s - 5250. Let k be o(63). Calculate the greatest common divisor of 536 and k.
134
Suppose -13*b + 14*b - 4 = 0. Let n = 39 - b. Calculate the greatest common factor of 245 and n.
35
Let b = 39 - -269. Let q be 4 + 22 + (-68)/(-4) + -15. What is the highest common factor of q and b?
28
Suppose -50*i - 6466 = -51*i + 4*l, -5*l - 25 = 0. Calculate the highest common divisor of i and 66.
22
Let y = 33 + -111. Let c be 1/(-70)*-7 + y/(-20). What is the greatest common factor of c and 82?
2
Let v(o) = 2*o - 12. Suppose 2*m - 4*y = 16, 5*m + 5*y - 19 = m. Let a be v(m). Suppose a = 4*z - 13 - 67. Calculate the highest common divisor of 160 and z.
20
Let x be (1 + -4)*6/(-6). Let a = 278 + -278. Suppose -21*p + p + 120 = a. What is the highest common factor of x and p?
3
Suppose 68 = y - 4*n, -107*y = -102*y - 2*n - 376. Calculate the highest common divisor of 44 and y.
4
Suppose 3*a - 17 = 55. Let w be (-18120)/(-90) + -9 + 5/(-15). What is the greatest common divisor of w and a?
24
Let j(c) = c**2 + 7*c + 28. Let o be j(-20). Let u = o + -180. Suppose 0 = -4*x - 42 + 150. What is the greatest common divisor of x and u?
27
Let j(y) = 1118*y + 385. Let f be j(7). Calculate the highest common divisor of f and 21.
21
Let q = 2830 - 2130. Calculate the highest common factor of q and 1900.
100
Suppose 3*r - 7*r - 4 = 0, 3*h = 3*r + 6. Suppose -35 = -4*q + 33. Let t(a) = -a**2 + 18*a - 14. Let z be t(q). What is the greatest common factor of h and z?
1
Suppose 8*s = 1482 + 4558. Calculate the highest common factor of 1359 and s.
151
Suppose 0 = 4*w - 860 + 300. Suppose 4*b = 2*f + 27 + 141, -3*b = 2*f - w. Let l = 8 + 212. Calculate the highest common factor of b and l.
44
Let n be (((-570)/(-18))/5)/(2/(-18)). Let i = n + 74. Let a(s) = 4*s + 26. Let d be a(i). What is the greatest common divisor of d and 141?
47
Let n = -3294 + 3455. What is the highest common factor of n and 252?
7
Suppose 30 - 24 = 3*u. Suppose -2*d = u*d, 7 = -g - d. Let p be ((-53)/(-3))/(g/(-21)). Calculate the highest common divisor of p and 53.
53
Let n(t) = 2*t**3 - 6*t**2 + 2*t - 11. Let k be n(5). Suppose 5*b + 5*m = 4*b - 1, -3*b + 4*m + 35 = 0. What is the highest common divisor of b and k?
9
Let f = 280 + -497. Let x = f + 481. Let d(y) = 9*y**2 + 2*y + 1. Let i be d(-2). Calculate the greatest common divisor of x and i.
33
Let c be 60 - (15/(-10))/(5/(-10)). Suppose 0 = 4*d + y - 451, 3*y + 10 + 461 = 4*d. Calculate the highest common factor of c and d.
57
Let x(m) = m**2 + 29*m - 208. Let n be x(-38). Calculate the greatest common divisor of n and 4.
2
Let a = -36465 + 37278. Calculate the greatest common factor of 9 and a.
3
Suppose -3*f = -0*f - j - 32, 0 = -f + 3*j + 8. Suppose 0 = f*q + 824 - 2859. Let r = q - 68. Calculate the highest common divisor of r and 13.
13
Let s = -36178 + 36514. Calculate the greatest common factor of 525 and s.
21
Let i be (-9)/(51/(-6) - -7). Suppose -6*l + 3*l = 2*r + 2, 2*r + 4*l + i = 0. Calculate the highest common factor of 45 and r.
5
Suppose -4*o = 2*x - 198, 0 = 3*o - 19*x + 16*x - 135. What is the highest common divisor of o and 138?
6
Let d = -1833 - -2111. What is the highest common divisor of d and 2641?
139
Let c(d) = -d**3 - d**2 + 4*d. Let z be c(-3). Suppose -2*a - 5*y + 478 = 0, z*a - 7*a - y = -236. Calculate the highest common factor of 18 and a.
18
Let m(v) = 2*v**2 + 7*v - 18. Let w be m(8). Suppose -5*r = 3*h - 4*h + 46, 0 = -3*h + r + w. Let x = 343 - 315. What is the greatest common factor of x and h?
28
Suppose 0*z - 1 = 3*x - 5*z, z + 3 = x. Let k be x/(-12)*(-54)/3. Let f = 17 - k. Calculate the greatest common factor of 10 and f.
5
Let g(b) = 4*b**2 + 16*b + 1. Let v be g(3). What is the highest common divisor of 45 and v?
5
Suppose -2*l + 108 = 38. Suppose 5*w + 125 = 10*w. Suppose 0 = 7*a - 2*a - w. Calculate the greatest common factor of a and l.
5
Let r = -1474 + 1642. Calculate the greatest common factor of r and 488.
8
Let u(v) be the second derivative of v**4/12 + 10*v**3/3 - 2*v**2 + 164*v. Let s be u(-23). What is the highest common factor of s and 715?
65
Let n be (-6 + 0)*((-7)/2 - -3). Suppose -5*j - v + 33 = 0, -v - n = -j + 6. Calculate the greatest common factor of 77 and j.
7
Suppose 4*p - 1 = -4*t + 11, -17 = -5*t - 4*p. Let l be 4/(-8)*0 - -65. What is the highest common factor of t and l?
5
Suppose -5*s = 2*g - 2032, -63*s - 3*g = -59*s - 1634. What is the greatest common divisor of s and 3131?
101
Suppose -4 = 2*o - 3*t - 13, 5*o - 9 = 3*t. Let k(m) = -m**2 + 15*m + 88. Let f be k(o). What is the highest common factor of 11 and f?
11
Let d = 6983 + -5133. What is the greatest common factor of d and 200?
50
Suppose 5*q - 4 - 16 = 0. Suppose 104*g + 1565 - 5517 = 0. Calculate the highest common divisor of g and q.
2
Let c(o) = -280*o - 264. Let h be c(-1). What is the greatest common factor of h and 160?
16
Let o(u) = -92*u**3 + 2*u + 1. Suppose 15 + 4 = -19*g. Let p be o(g). What is the highest common factor of 7 and p?
7
Suppose 5*z = 5*g - 2365, 5*g + 1870*z - 1865*z = 2365. Calculate the greatest common divisor of 22 and g.
11
Let a = -117053 - -117077. Let c = 40 + 44. Calculate the highest common divisor of a and c.
12
Let d(q) = -26*q**3 - q**2 + 19*q + 22. Let t be d(-2). Calculate the greatest common factor of 8 and t.
4
Let q be (336/20)/((18/(-630))/((-4)/7)). Calculate the greatest common factor of q and 216.
24
Let q(y) = -y**2 - 18*y - 29. Let g(i) = -15*i**2 + 4*i - 4. Let m be g(1). Let z be q(m). Calculate the highest common factor of 24 and z.
8
Let k be -14 + -2 + -14 + 492. What is the greatest common divisor of k and 1056?
66
Let o(j) = 20*j + 5. Let y be o(5). Suppose 28 = 2*z - 2. Calculate the highest common divisor of y and z.
15
Let s(y) = y**2 + 57*y + 437. Let w be s(-87). Calculate the greatest common factor of w and 33.
11
Suppose 321 = 2*f + 159. Let w be 2966/8 - f/108. What is the greatest common factor of w and 20?
10
Suppose 14164 - 2179 = 17*f. Calculate the greatest common divisor of 15 and f.
15
Let p = -2507 - -2663. What is the greatest common divisor of 2548 and p?
52
Suppose -26*i + 10052 = 1264. Calculate the highest common divisor of i and 6591.
169
Suppose 5*w + 5 = -0. Let l(r) = r**2 - 28*r + 25. Let v be l(27). Let t be (w/v)/((-11)/(-132)). What is the greatest common factor of 42 and t?
6
Let y = 58 - 55. Suppose 5*u + 24 = i + i, 2*u - y = -i. Let m(o) = -o**3 + 8*o**2 - 5*o - 13. Let a be m(i). Calculate the greatest common divisor of 3 and a.
1
Suppose 13*o - 18320 - 40 = -563. What is the highest common divisor of o and 74?
37
Let m be 2 - 1*(0 + -1). Suppose 19*z = 28 + 48. Suppose m*l - 90 = -3*c, z*c = -2*l - 0*l + 118. What is the highest common factor of 58 and c?
29
Suppose -6*f + 11 = -1. Let z(h) = -293*h**2 - f*h**3 + 292*h**2 + 5*h**3 + 3*h - 2. Let q be z(1). What is the highest common divisor of q and 12?
3
Suppose -11*v = -16 - 28. Let s be (-7 + v)*(-104)/4. Let a = 4 - -2. What is the greatest common factor of a and s?
6
Let s be (-15)/(-10)*(-650)/(-39). Calculate the highest common divisor of 425 and s.
25
Let c = 85 - 78. Let d(m) be the first derivative of m**2/2 - 6*m + 22. Let a be d(c). Calculate the highest common factor of a and 7.
1
Suppose 0 = -3*k - 54. Suppose 0 = 2*t - 5*c - 33, 2*c = -5*t + c + 15. Let w be (k/t)/((-4)/88). Calculate the greatest common factor of 9 and w.
9
Let m(o) = 4 - 15*o + 3*o**2 + o + o**3 - 2*o + 3*o**2 + 4*o. Let f be m(5). Calculate the highest common factor of f and 365.
73
Suppose 0 = -10*m + 3*m + 7. Let b be -435*(24/(-18) + m). What is the highest common divisor of b and 87?
29
Suppose -57*z = -53*z - 11084. What is the greatest common factor of 17 and z?
17
Let v = 82 - 79. Suppose -t - 3*t + 16 = 4*u, 0 = v*u - 3*t. Suppose u*a + 15 + 16 = 5*q, 5*q - 40 = 5*a. What is the greatest common divisor of 15 and q?
5
Let l = -4851 - -4873. What is the greatest common factor of l and 8327?
11
Let z(y) = 157*y + 1776. Let r be z(-11). Calculate the greatest common factor of 161 and r.
7
Let d be ((-1)/(-2))/(1/4). Suppose -d*m = -0*m - 372. Suppose m = 2*h + k, h + 3*k = 5*h - 362. What is the greatest commo